?
7
What is the value of 20 + 15 + (9 - 20) + -3?
21
Calculate -29 + -33 + 29 - -45.
12
-13 - (-23 + (13 - (1 - -1)))
-1
Calculate 4 + -7 + -7 + 0 + 20.
10
What is the value of -6 + (-5 + 11 - 11)?
-11
-1 + 0 - 0 - (-87 + 123 + -35)
-2
Evaluate 33 + 4 - (343 - 306).
0
What is 2 - (1 - (-16 + 3))?
-12
What is 7 - ((-6 - 3) + 4 + 0 + -2)?
14
30 - 2 - (-6 + (-7 - -2) - -8)
31
What is the value of -3 - -2 - (-10 + (0 - -19))?
-10
-8 - (7 - 6) - (-1 + -7)
-1
1 + (8 + (-2 - 8) - -17)
16
Calculate -27 + 5 + 9 + 3.
-10
What is the value of -12 + (21 + -20 - -23)?
12
What is the value of (-2 - -10) + (39 - 30)?
17
Evaluate (10 - 4) + 5 + (-2 - -3).
12
15 + -5 + -1 - 7
2
What is the value of (3 - 0) + -3 - 9?
-9
What is 8 + (7 - 4) + -5?
6
What is (-8 - -10) + -12 + 7?
-3
Evaluate 99 + -121 - (1 + -9 + 1).
-15
What is 1 - 1 - ((-27 - -16) + (-7 - -16))?
2
Calculate 13 + 1 - (18 + -18) - (91 + -95).
18
What is 9 + (-10 - (6 + -2)) + (2 - 2)?
-5
What is the value of (11 - 3) + 1 + 0?
9
Calculate 0 + (15 - 22) + -6.
-13
89 + -70 + (-23 - -1)
-3
What is -20 + (20 - 11 - 21)?
-32
6 + 3 + (-4 - 2)
3
What is -403 + 409 - (-2 - (2 + 1 + -35))?
-24
What is 2 - (25 - (1 + 0) - 10)?
-12
Evaluate 0 - (-6 + 1 + 2 + (8 - 18)).
13
Calculate (-11 - -2 - (7 + -13)) + (-1 - 8).
-12
-51 + (1 - (-25 + 12)) + 2 + 5
-30
What is -57 + (43 - 34) - -71?
23
What is (4 - 2) + 3 + -3 + -3 + 10?
9
What is the value of (24 - (22 + -4) - (-10 - -1)) + -3?
12
What is -5 + 2 - (-2 - -6) - (9 + -4)?
-12
(17 - 1) + -5 + (13 - 9 - 2)
13
(13 - (16 + -10)) + -4 + -16
-13
What is 13 + (-6 - -12) + (-1 - 15)?
3
11 + -13 + -1 + 17 + -7
7
What is (-1 - 15 - -15) + -12?
-13
What is (52 - 38) + -8 + 4 - 11?
-1
-2 + 11 - (26 - (9 - -12))
4
Calculate (-1 + 0 - 7) + (-2900 - -2900).
-8
Evaluate 84 + -95 + 18 + 1.
8
What is (-9 - -7 - 10) + (-2 - -7)?
-7
What is the value of -1963 + 1948 + (-1 - 0)?
-16
What is the value of (10 - -1) + -8 - (-2 + 2)?
3
What is 22 - -6 - 12 - 12?
4
Evaluate -19 - -2 - (1 + (4 - 10) + 9).
-21
What is the value of -6 - ((-7 - (6 - 1)) + 0) - 3?
3
What is -4 + 3 + (-5 - 0 - (1 + -4))?
-3
What is -11 + (70 + -30 - 25)?
4
What is -11 + 1 + -76 + 83?
-3
7 + -8 + -3 + (-2 - -9)
3
What is the value of -13 - (4 - (-6 - -13))?
-10
Evaluate 27 + (5 - (9 + (-20 - -15))).
28
What is the value of -35 + 50 + -34 - -34?
15
What is -8 + 1 + -6 + 4 + -20 + 25?
-4
What is 0 + (-11 - -2 - -7) + 15?
13
Evaluate -25 + 19 + 4 - (-7 + (-2 - 0)).
7
14 + 1 + -24 - -8
-1
Evaluate (-1 + 0 - 1) + (-1 - (-13 + 13)).
-3
What is -6 + 9 + -7 + 4 + 0?
0
1 + (-13 - -4) - (-2 - 0)
-6
What is the value of (1 - -9) + (6 - (5 - (10 - 9)))?
12
(-14 - -2) + (114 - 120)
-18
What is the value of 17 + (-8 - 2) - 4 - (6 - 4)?
1
3 - (-7 - ((2 - 20) + (-23 - -22)))
-9
What is (5 - 4) + 13 + -11?
3
Calculate (-3 + (-5 - -6) - 4) + (-5 - -3).
-8
What is the value of 6 - (23 + -17) - (9 - 0)?
-9
1 + -1 - (-23 + 16 - -17)
-10
Calculate (-12 - (-15 - 9)) + -26 + -1.
-15
-1 + (-11 - -5) + (1 - -1)
-5
What is (-5 - -28) + 6 + -1 - 3?
25
8 + (-8 - -13) - 6
7
Evaluate 26 + -41 - (0 + -12).
-3
Calculate 4 - (4 - 0 - -7).
-7
What is the value of 22 + (38 - 7 - 25)?
28
7 + -4 - 9 - (-1 - (-18 + 9))
-14
Evaluate (-4 - -5) + (6 - (3 - -1 - 0)).
3
Evaluate 10 + -5 - (6 + 14).
-15
Calculate -1 + 6 + 8 + (19 - 15) - 1.
16
What is the value of 12 + (-10 - 14) - -22?
10
What is the value of (-4 - (3 + (-3 - -2) + 6)) + 4?
-8
30 + (-20 - 25) - (-13 - -3)
-5
Calculate (2 - -12) + -37 + 24.
1
-30 + 5 + (210 - 200)
-15
Evaluate 25 - (-1 + -7 + 27 + -20 + 0).
26
What is the value of (-1 - 5) + (29 - 33)?
-10
Calculate (28 - -3) + -7 + -48.
-24
What is 182 - 178 - (1 - -4) - 1?
-2
What is the value of 1 - (-15 - (-9 + -15))?
-8
What is (-10 + -31 - -11) + 20?
-10
What is the value of 16 + -18 + -6 + (20 - 3)?
9
-3 - (5 + 2 - 0 - 5)
-5
What is the value of -11 - (-1 - ((-12 - -11) + -8 - -1))?
-18
3 + -20 + (6 - -11)
0
What is the value of 5 + -16 + 5 + 11 + -10?
-5
What is 5 - 2 - (16 + -1 + -8)?
-4
Calculate -7 + 4 + (-4 - (-7 + (0 - -4))).
-4
Evaluate (11 - (-9 + 33 + -15)) + 4.
6
What is the value of -1 + (2 - 2) + (86 - 83)?
2
What is the value of (4 - (-3 - (-6 + 0))) + 9?
10
-6 + 8 + (2 - 6) + (-5 - -6)
-1
What is the value of -13 + 33 + (-9 + -2 - -29)?
38
Evaluate -1 + -28 + 130 + -114 - 12.
-25
Evaluate -3 + 15 + (24 - 19).
17
What is -26 + 15 + -33 + 20?
-24
7 + -4 + (-14 - -16) + 6
11
Evaluate (8 - 1) + -19 + -6 + 5.
-13
(-17 - -32) + -10 + 0 - 0
5
Evaluate 13 - (4 + 3) - 0 - 4 - 6.
-4
(3 + (-7 - 3) + 5 - -22) + -7
13
What is the value of -4 - -3 - (1 - -3 - (-458 + 425))?
-38
Evaluate -12 - (10 - (14 - (-6 + 3))).
-5
Evaluate 11 + -5 + -8 + 11 + 12.
21
What is -1 + -5 + -3 - (23 - 27)?
-5
Calculate 17 + (55 - 25) + -64.
-17
Evaluate -1 - (-10 + 7 + 0).
2
Evaluate 0 + -2 + 6 + 5 + -6.
3
What is the value of -2 + -16 + 0 + (8 - 1)?
-11
-5 + 15 + (8 + -5 - -4) - 6
11
What is the value of 29 + (16 - 21) + 9 + -10?
23
5 + (9 - 5) + -4 + -8
-3
Evaluate 3 + -31 + 2 + 13 + -29 + 8.
-34
What is 607 - 577 - (-1 + 50)?
-19
What is the value of (-8 - (8 - 8)) + -10 + 5?
-13
Evaluate -45 - -28 - (8 - (-3 + 11)).
-17
Calculate -29 + -19 + -1 + 40.
-9
Calculate 6 + (-4 - ((16 - 19) + (2 - 10))).
13
What is the value of -6 + 10 + -24 + 24?
4
What is 545 + -532 + (0 - (-2 - 1))?
16
What is 2 + -7 + (6 - 14) + 29?
16
Calculate -4 - (8 + -10 + -41 + (7 - 3)).
35
Calculate -763 + 729 - (-2 - 23).
-9
Evaluate 35 + -27 + -32 - (-1 - 4).
-19
What is 2 + 3 + -2 + 0 + 6 + -3?
6
Evaluate (-3 - -51 - 39) + -31.
-22
-27 + (-35 - (-21 - 31))
-10
29 + (0 - (23 - 3))
9
What is -214 + 223 + 1 + -29?
-19
Calculate -22 - (0 + -3 + -29).
10
Evaluate 10 + (-10 - (-2 + -9 - 7)) - 9.
9
What is -9 - (-49 - (-5 + -15))?
20
Evaluate 1 + (-19 - -2) + (0 - (-19 - -12)).
-9
(-2 - 0) + -7 + 36 + -17 + -9
1
Evaluate -6 + (-10 - (-7 + 1 - 8)) + -15.
-17
Calculate (-13 - -7 - -3) + (-1 - 1) + -3.
-8
-22 + (16 - 16 - -4)
-18
-7 - (20 - 26) - (4 - (-2 - -1))
-6
Calculate -6 + 26 + -17 - -10.
13
What is -1 - (1 - 10) - (-4892 - -4899)?
1
Evaluate -11 + (10 + -7 - -44) + -12.
24
-22 + -22 + 17 + 33
6
What is 6 - (-1 + 0 + (11 - -2)) - -5?
-1
What is (1 + (-5 - -2) - 4) + (11 - -2)?
7
What is the value of (38 - -33) + -38 - 46?
-13
Calculate 5 + 0 + 39 + (-49 - -19).
14
(-23 - -12 - -8) + -5 + (31 - 5)
18
Calculate (-12 - (-17 + 14) - (3 - 1)) + 9.
-2
What is -8 + 3 + -2 - (-26 + -26 + 48)?
-3
What is 4 + 4 - (31 - 14)?
-9
Calculate 3 + 4 - ((1 - 5) + 22).
-11
Evaluate -2 + 2 + -9 - (102 + -102).
-9
What is the value of 2 + (16 - 6 - (12 - (-6 + 11)))?
5
Evaluate (-68 - -60) + 7 + -2.
-3
Evaluate 14 - -1 - (-25 + 27 - -5).
8
What is (-2 - (10 - 13) - 13) + 26?
14
What is -6 - -9 - (21 - 23)?
5
Calculate 0 + -3 + (18 - 31).
-16
What is the value of 0 - (-21 + 13 + 0 - -14)?
-6
Calculate 16 + 5 - (22 - -20).
-21
Evaluate 4 + ((-5 - (-4 + -7)) + 2 - 4).
8
Evaluate (65 - 97) + (2 - -7).
-23
What is -4 - (1 - (2 - 10) - 32)?
19
What is the value of (-5 - (-8 - -4)) + 4?
3
What is 9 + (4 - 2 - (-5 + 11))?
5
What is the value of -3 + (-3 - -13) - -14?
21
What is the value of -18 - -23 - (-19 - -7) - -3?
20
What is the value of 0 + 15 - (-10 + -8 + 25)?
8
(21 - 50) + 27 + 1
-1
Evaluate -43 + (27 + -16 - -17).
-15
What is (-8 - 13) + 28 - (16 - 3)?
-6
(-63 - -19) + 36 + 2 + 1
-5
Calculate 31 + -4 + -20 + (4 + -8 - -33).
36
Evaluate (2 + -4 - (3 + -4)) + (4 - 3).
0
-3 + (1 - -13 - (-76 - -82))
5
What is the value of (-17 - -3) + (2 - -11)?
-1
Evaluate 13 - ((-76 - -77) + 1 + 4) - 20.
-13
Evaluate -1 + 23 + -3 + -5 + -9.
5
Calculate (-7 - 10 - -13 - 6) + 25.
15
-6 - (-12 - -12 - (2 + 1))
-3
Calculate (-11 + 24 - 3) + -19.
-9
Calculate 29 - (-22 + 12 - -7 - -15).
17
What is the value of -14 - (-29 + 21 + (-2 - -6))?
-10
What is -18 + (-17 - -24 - -4)?
-7
What is -40 + 44 + -38 + 14?
-20
Evaluate -8 + 23 - (11 - -5).
-1
What is the value of -11 + -8 + 9 + 15 + -10?
-5
Calculate 4 - ((-14 - -1) + 12 + -9 + 0).
14
What is the value of 13 + -26 + -20 - -6?
-27
2 + -2 + (-3 - -1 - -7) + -13
-8
What is -306 + 288 - (-1 + -2 - 0 - 3)?
-12
Evaluate (-7 - (-18 - 5)) + 1 + -9.
8
What is (-2 - 14) + 19 - ((0 - -1) + 1)?
1
What is the value of -2 - (-6 + (1 + -3 - 0) + -5)?
11
What is the value of